{"version":"1.0","provider_name":"CRAVAN - Cocktail Bar - Paris 6","provider_url":"https:\/\/www.cravanparis.com\/fr\/","author_name":"dev.jibeset","author_url":"https:\/\/www.cravanparis.com\/fr\/author\/dev-jibeset\/","title":"Special Editions par Luca Marchetti - Mathias Chelebourg - CRAVAN - Cocktail Bar - Paris 6","type":"rich","width":600,"height":338,"html":"<blockquote class=\"wp-embedded-content\" data-secret=\"ZGS3fxDWgK\"><a href=\"https:\/\/www.cravanparis.com\/fr\/evenement\/special-editions-par-luca-marchetti-mathias-chelebourg\/\">Special Editions par Luca Marchetti &#8211; Mathias Chelebourg<\/a><\/blockquote><iframe sandbox=\"allow-scripts\" security=\"restricted\" src=\"https:\/\/www.cravanparis.com\/fr\/evenement\/special-editions-par-luca-marchetti-mathias-chelebourg\/embed\/#?secret=ZGS3fxDWgK\" width=\"600\" height=\"338\" title=\"&#8220;Special Editions par Luca Marchetti &#8211; Mathias Chelebourg&#8221; &#8212; CRAVAN - Cocktail Bar - Paris 6\" data-secret=\"ZGS3fxDWgK\" frameborder=\"0\" marginwidth=\"0\" marginheight=\"0\" scrolling=\"no\" class=\"wp-embedded-content\"><\/iframe><script type=\"text\/javascript\">\n\/* <![CDATA[ *\/\n\/*! This file is auto-generated *\/\n!function(d,l){\"use strict\";l.querySelector&&d.addEventListener&&\"undefined\"!=typeof URL&&(d.wp=d.wp||{},d.wp.receiveEmbedMessage||(d.wp.receiveEmbedMessage=function(e){var t=e.data;if((t||t.secret||t.message||t.value)&&!\/[^a-zA-Z0-9]\/.test(t.secret)){for(var s,r,n,a=l.querySelectorAll('iframe[data-secret=\"'+t.secret+'\"]'),o=l.querySelectorAll('blockquote[data-secret=\"'+t.secret+'\"]'),c=new RegExp(\"^https?:$\",\"i\"),i=0;i<o.length;i++)o[i].style.display=\"none\";for(i=0;i<a.length;i++)s=a[i],e.source===s.contentWindow&&(s.removeAttribute(\"style\"),\"height\"===t.message?(1e3<(r=parseInt(t.value,10))?r=1e3:~~r<200&&(r=200),s.height=r):\"link\"===t.message&&(r=new URL(s.getAttribute(\"src\")),n=new URL(t.value),c.test(n.protocol))&&n.host===r.host&&l.activeElement===s&&(d.top.location.href=t.value))}},d.addEventListener(\"message\",d.wp.receiveEmbedMessage,!1),l.addEventListener(\"DOMContentLoaded\",function(){for(var e,t,s=l.querySelectorAll(\"iframe.wp-embedded-content\"),r=0;r<s.length;r++)(t=(e=s[r]).getAttribute(\"data-secret\"))||(t=Math.random().toString(36).substring(2,12),e.src+=\"#?secret=\"+t,e.setAttribute(\"data-secret\",t)),e.contentWindow.postMessage({message:\"ready\",secret:t},\"*\")},!1)))}(window,document);\n\/\/# sourceURL=https:\/\/www.cravanparis.com\/wp\/wp-includes\/js\/wp-embed.min.js\n\/* ]]> *\/\n<\/script>\n","thumbnail_url":"https:\/\/www.cravanparis.com\/app\/uploads\/2025\/12\/SE-5.png.webp","thumbnail_width":1400,"thumbnail_height":1050,"description":"Pour la cinqui\u00e8me rencontre de Special Editions, Luca Marchetti re\u00e7oit le cr\u00e9ateur fran\u00e7ais Mathias Chelebourg.&nbsp; Avec son Atelier Daruma, il repousse les limites de la narration immersive \u00e0 travers des exp\u00e9riences sensorielles uniques, m\u00ealant r\u00e9alit\u00e9 virtuelle, performances th\u00e9\u00e2trales et technologies de pointe. Parmi ses projets r\u00e9cents, on compte sa participation \u00e0 l&#8217;installation immersive &#8220;Le Parlement [&hellip;]"}

Pour la cinquième rencontre de Special Editions, Luca Marchetti reçoit le créateur français Mathias Chelebourg.&nbsp; Avec son Atelier Daruma, il repousse les limites de la narration immersive à travers des expériences sensorielles uniques, mêlant réalité virtuelle, performances théâtrales et technologies de pointe. Parmi ses projets récents, on compte sa participation à l&#8217;installation immersive &#8220;Le Parlement [&hellip;]
